{"id":1258,"date":"2022-03-24T14:16:28","date_gmt":"2022-03-24T14:16:28","guid":{"rendered":"https:\/\/smartagritools.eu\/?page_id=1258"},"modified":"2022-03-24T17:37:46","modified_gmt":"2022-03-24T17:37:46","slug":"il-progetto","status":"publish","type":"page","link":"https:\/\/smartagritools.eu\/index.php\/il-progetto\/","title":{"rendered":"Il Progetto"},"content":{"rendered":"\n<div class=\"blockart-section blockart-section-3274e693\"><div class=\"blockart-container\"><div class=\"blockart-section-inner\">\n<div class=\"blockart-column blockart-column-5c451749\"><div class=\"blockart-column-inner\">\n<h1 class=\"blockart-heading blockart-heading-715dd37b\">Strumenti e Modelli Innovativi per l&#8217;Agricoltura di Precisione<\/h1>\n\n\n\n<p>La Luiss Business School e l\u2019Universit\u00e0 della Tuscia sono partner del progetto SmartAgriTools finanziato nel quadro del bando regionale Gruppi di ricerca 2020 \u2013 POR FESR Lazio 2014-2020. Il progetto vede la costituzione di un gruppo di ricerca, costituito da ricercatori della Luiss e dell\u2019Universit\u00e0 della Tuscia, per lo studio e la dimostrazione di sistemi software e hardware per l\u2019agricoltura di precisione e l\u2019analisi di modelli economici.<\/p>\n\n\n\n<p>Le due universit\u00e0 hanno firmato un accordo di collaborazione che mira a svolgere attivit\u00e0 in maniera congiunta per valorizzare risultati ottenuti da precedenti attivit\u00e0 di ricerca con il fine di dimostrare in ambienti operativi soluzioni per l\u2019agricoltura di precisione.<\/p>\n\n\n\n<p>Le attivit\u00e0 previste nel progetto consentiranno di aumentare il livello di maturit\u00e0 tecnologica di prototipi per l\u2019agricoltura di precisione precedentemente sviluppati, validandone e dimostrandone l\u2019utilizzo in ambienti reali. Per le attivit\u00e0 del gruppo di ricerca sono disponibili i prototipi di una piattaforma in via di sviluppo composta da una componente terrestre, da un aeromobile a pilotaggio remoto e da una stazione di controllo a terra equipaggiata da sensori innovativi volti a definire caratteri qualitativi e quantitativi della produzione viticola ed applicabili ed esportabili anche ad altre coltivazioni agrarie. Durante il progetto i prototipi disponibili verranno integrati in un nuovo sistema prototipale che verr\u00e0 implementato con nuove soluzioni sensoristiche introdotte nel sistema di monitoraggio a terra. Per motivare il concreto interesse di stakeholders e imprese a partecipare al successivo completamento dello sviluppo della ricerca, della validazione e della dimostrazione dell\u2019innovazione \u00e8 prevista la realizzazione una piattaforma on line di comunicazione e disseminazione dei risultati integrata con un tool informatico.<\/p>\n\n\n\n<p>Sostegno finanziario ricevuto:<\/p>\n\n\n\n<p>Contributo totale: 147.657,82\u20ac<\/p>\n\n\n\n<p>Contributo Luiss Business School: 103.577,82\u20ac<\/p>\n\n\n\n<p>Contributo Tuscia-DIBAF: 44.080,00\u20ac<\/p>\n\n\n\n<p>Il progetto \u00e8 cofinanziato con i fondi del POR-FESR 2014\/2020 della Regione Lazio, a valere sull\u2019Avviso Pubblico Gruppi di ricerca 2020 \u2013 POR FESR Lazio 2014-2020 approvato con Det n. 19 luglio 2020 n. G08487.<\/p>\n<\/div><\/div>\n\n\n\n<div class=\"blockart-column blockart-column-717e808b\"><div class=\"blockart-column-inner\"><\/div><\/div>\n<\/div><\/div><\/div>\n\n\n\n<p><\/p>\n\n\n\n<div class=\"wp-block-image\"><figure class=\"aligncenter size-large is-resized\"><img loading=\"lazy\" decoding=\"async\" src=\"https:\/\/smartagritools.eu\/wp-content\/uploads\/2022\/03\/Logo-Regione-1-1024x161.jpg\" alt=\"\" class=\"wp-image-1113\" width=\"1132\" height=\"178\" srcset=\"https:\/\/smartagritools.eu\/wp-content\/uploads\/2022\/03\/Logo-Regione-1-1024x161.jpg 1024w, https:\/\/smartagritools.eu\/wp-content\/uploads\/2022\/03\/Logo-Regione-1-300x47.jpg 300w, https:\/\/smartagritools.eu\/wp-content\/uploads\/2022\/03\/Logo-Regione-1-768x121.jpg 768w, https:\/\/smartagritools.eu\/wp-content\/uploads\/2022\/03\/Logo-Regione-1-600x94.jpg 600w, https:\/\/smartagritools.eu\/wp-content\/uploads\/2022\/03\/Logo-Regione-1.jpg 1484w\" sizes=\"auto, (max-width: 1132px) 100vw, 1132px\" \/><\/figure><\/div>\n\n\n\n<p><\/p>\n","protected":false},"excerpt":{"rendered":"","protected":false},"author":1,"featured_media":0,"parent":0,"menu_order":0,"comment_status":"closed","ping_status":"closed","template":"page-templates\/pagebuilder.php","meta":{"footnotes":""},"class_list":["post-1258","page","type-page","status-publish","hentry"],"blockartPostFeaturedMedia":{"thumbnail":false,"medium":false,"medium_large":false,"large":false,"1536x1536":false,"2048x2048":false},"blockartPostAuthor":{"name":"dev@adamantic.io","avatar":"https:\/\/smartagritools.eu\/wp-content\/plugins\/ultimate-member\/assets\/img\/default_avatar.jpg"},"blockartPostCommentsNumber":false,"blockartPostExcerpt":"","blockartPostCategories":[],"_links":{"self":[{"href":"https:\/\/smartagritools.eu\/index.php\/wp-json\/wp\/v2\/pages\/1258","targetHints":{"allow":["GET"]}}],"collection":[{"href":"https:\/\/smartagritools.eu\/index.php\/wp-json\/wp\/v2\/pages"}],"about":[{"href":"https:\/\/smartagritools.eu\/index.php\/wp-json\/wp\/v2\/types\/page"}],"author":[{"embeddable":true,"href":"https:\/\/smartagritools.eu\/index.php\/wp-json\/wp\/v2\/users\/1"}],"replies":[{"embeddable":true,"href":"https:\/\/smartagritools.eu\/index.php\/wp-json\/wp\/v2\/comments?post=1258"}],"version-history":[{"count":5,"href":"https:\/\/smartagritools.eu\/index.php\/wp-json\/wp\/v2\/pages\/1258\/revisions"}],"predecessor-version":[{"id":1274,"href":"https:\/\/smartagritools.eu\/index.php\/wp-json\/wp\/v2\/pages\/1258\/revisions\/1274"}],"wp:attachment":[{"href":"https:\/\/smartagritools.eu\/index.php\/wp-json\/wp\/v2\/media?parent=1258"}],"curies":[{"name":"wp","href":"https:\/\/api.w.org\/{rel}","templated":true}]}}